+ 218?
-186
In base 15, what is -37 - 702?
-739
In base 16, what is -b - -6a03?
69f8
In base 6, what is 13534 - -30?
14004
In base 5, what is -1201432 - 1?
-1201433
In base 10, what is 24 - 730?
-706
In base 15, what is 0 - -556d?
556d
In base 7, what is -66144 + 102?
-66042
In base 3, what is -2 - -1010200022?
1010200020
In base 11, what is -1 - 2845?
-2846
In base 6, what is -214 + -34423?
-35041
In base 8, what is 3 + 771235?
771240
In base 5, what is -101 + -2011323?
-2011424
In base 7, what is 2052 - -2?
2054
In base 8, what is 2 + -470602?
-470600
In base 5, what is -2 - 1434341?
-1434343
In base 9, what is -64630 - -2?
-64627
In base 2, what is 11 - 10011001000000011111?
-10011001000000011100
In base 8, what is -116265 - -4?
-116261
In base 16, what is -264 - 115?
-379
In base 9, what is -5 + -3170110?
-3170115
In base 9, what is -2 - 284267?
-284270
In base 15, what is -2d - -1538?
150a
In base 7, what is 6256 - 350?
5606
In base 13, what is b424 - 11?
b413
In base 16, what is -23 + -fc?
-11f
In base 13, what is 1c - 1984?
-1965
In base 8, what is 10204176 + 4?
10204202
In base 7, what is 3 + -12314?
-12311
In base 11, what is -3 - 138335?
-138338
In base 16, what is -9 - 12eeb?
-12ef4
In base 10, what is 18 + 2422?
2440
In base 8, what is 26 - 25130?
-25102
In base 3, what is -200112110 - 1?
-200112111
In base 8, what is 1054006 + 33?
1054041
In base 8, what is 4452546 + -4?
4452542
In base 15, what is 9 - -518?
522
In base 14, what is -24a5 - 2?
-24a7
In base 10, what is 4 + 27568?
27572
In base 5, what is 130433 + 2031?
133014
In base 9, what is -5247 - 36?
-5284
In base 7, what is -121333 - -5?
-121325
In base 13, what is c6aa9 - 4?
c6aa5
In base 15, what is 1 + 755a?
755b
In base 15, what is ac + 81?
13d
In base 5, what is -2103020 - 20?
-2103040
In base 5, what is 304 + -11130?
-10321
In base 3, what is -221212 - 211?
-222200
In base 2, what is -10100100100101101 + 1?
-10100100100101100
In base 11, what is -2a24 + 10?
-2a14
In base 11, what is 2 - 11800?
-117a9
In base 10, what is 22 + 15619?
15641
In base 10, what is 2575 - -56?
2631
In base 8, what is -3237024 - 3?
-3237027
In base 13, what is 420a2 + -2?
420a0
In base 11, what is 9595 - 4?
9591
In base 6, what is -4 - -342323?
342315
In base 4, what is -32 + 32123032?
32123000
In base 8, what is -4 - -417612?
417606
In base 12, what is -a36a + -37?
-a3a5
In base 15, what is 1 + a2c2?
a2c3
In base 3, what is 12000 + -20012?
-1012
In base 3, what is 1100 - 211122101?
-211121001
In base 7, what is 14 - 426154?
-426140
In base 13, what is 263 + -40a?
-177
In base 8, what is -2403 + 5?
-2376
In base 13, what is 1 + 24a44?
24a45
In base 3, what is 2 - 110200222?
-110200220
In base 8, what is 36533123 - -4?
36533127
In base 4, what is -32320222 + -3?
-32320231
In base 6, what is -21042 + -4?
-21050
In base 2, what is 10010000101101010 - 1?
10010000101101001
In base 9, what is 2140 + -106?
2033
In base 9, what is 120548 + -1?
120547
In base 15, what is 3d - 73?
-35
In base 3, what is 100 - -1100012211?
1100020011
In base 14, what is -a917 - -46?
-a8b1
In base 4, what is -11 + -13131?
-13202
In base 9, what is 118 - -4012?
4131
In base 5, what is -22244122 - -11?
-22244111
In base 14, what is a6912 + 3?
a6915
In base 2, what is -10001000010 + -10100?
-10001010110
In base 16, what is -c31 - -8?
-c29
In base 8, what is 2727264 + -3?
2727261
In base 16, what is 20dcb - 4?
20dc7
In base 7, what is -254624 + 10?
-254614
In base 16, what is -32f - -ba?
-275
In base 11, what is -15879 - 10?
-15889
In base 2, what is 1 - -11011101000110000?
11011101000110001
In base 11, what is 136 + 203?
339
In base 10, what is -241150 - -21?
-241129
In base 12, what is 31 + 44a6?
4517
In base 14, what is 4 - 13adb?
-13ad7
In base 3, what is 0 + -12002210111?
-12002210111
In base 10, what is 707505 + -4?
707501
In base 10, what is -8 + -640214?
-640222
In base 2, what is 11001010101010000 + 1100?
11001010101011100
In base 10, what is -35127 + -21?
-35148
In base 4, what is -120 - -33330?
33210
In base 13, what is 6 - 1406?
-1400
In base 3, what is 10 - -2111222?
2112002
In base 3, what is -1 - 2212021012011?
-2212021012012
In base 6, what is 40 - -14011?
14051
In base 14, what is 60 - 7?
57
In base 6, what is -51 - -545251?
545200
In base 13, what is -87 - -906?
84c
In base 16, what is -1 + 10e71?
10e70
In base 6, what is 2 + 10121?
10123
In base 6, what is -444052 + 14?
-444034
In base 16, what is 1c6621 + -2?
1c661f
In base 10, what is -176 - -531?
355
In base 15, what is -2d + -b62?
-b90
In base 8, what is 2 - 10253?
-10251
In base 14, what is -a14 - 18?
-a2c
In base 16, what is -15 - 48ee?
-4903
In base 2, what is -11 - -10100110000000?
10100101111101
In base 5, what is -122004 - -1?
-122003
In base 2, what is 11101 - -101110011111?
101110111100
In base 15, what is 285c5 + -9?
285bb
In base 14, what is bcd04 + -1?
bcd03
In base 7, what is 2 - -4165146?
4165151
In base 5, what is -2 - 400211?
-400213
In base 4, what is 3210203320 + 1?
3210203321
In base 4, what is -10012 - 1120?
-11132
In base 2, what is 11111011010101001 - 11?
11111011010100110
In base 4, what is -3120011 - 1212?
-3121223
In base 13, what is -17186 - 3?
-17189
In base 3, what is -111002 - 221001?
-1102010
In base 5, what is -300 + 432023?
431223
In base 2, what is 1010000 + -1001?
1000111
In base 10, what is 9279 - 233?
9046
In base 11, what is 28204 - 5?
281aa
In base 5, what is 0 - 312443?
-312443
In base 2, what is 1101101111110 + 11?
1101110000001
In base 8, what is -111500 - 40?
-111540
In base 13, what is 253 - -1a3?
426
In base 11, what is 19675 + 2?
19677
In base 3, what is 12 - -1110200012?
1110200101
In base 5, what is 133010 + 3323?
141333
In base 15, what is -aa63a - 2?
-aa63c
In base 5, what is -220 - -134402?
134132
In base 2, what is 11 + 101001010001111?
101001010010010
In base 16, what is -444 - 17?
-45b
In base 9, what is 38566 + -5?
38561
In base 9, what is -6345 + 1616?
-4628
In base 9, what is 56260 + -3?
56256
In base 6, what is -240324 - 20?
-240344
In base 3, what is 1201011201 - 10?
1201011121
In base 16, what is 1f - 7600?
-75e1
In base 8, what is -1 - -1743127?
1743126
In base 9, what is -28168 - -5?
-28163
In base 4, what is 1021 - -12201?
13222
In base 13, what is -72 - -54?
-1b
In base 5, what is 2 + 111221332?
111221334
In base 14, what is 3 - -b417?
b41a
In base 14, what is 5 - 102078?
-102073
In base 12, what is 50a8 - -103?
51ab
In base 14, what is -11c423 + -2?
-11c425
In base 2, what is -101001100100101 + 1?
-101001100100100
In base 3, what is 101 - 102111121110?
-102111121002
In base 9, what is 53 + -56748?
-56685
In base 7, what is -1 - -6336?
6335
In base 3, what is 1100 + 2011210001?
2011211101
In base 9, what is 864846 + -10?
864836
In base 2, what is -110000011000 + 11?
-110000010101
In base 2, what is -10110101001000110000 - 101?
-10110101001000110101
In base 6, what is -1 - 124115?
-124120
In base 4, what is 1 - -22132231?
22132232
In base 14, what is 4 - 382a7?
-382a3
In base 15, what is 1c + -22e6?
-22c9
In base 5, what is 32034 - 3111?
23423
In base 16, what is -359 - 84?
-3dd
In base 3, what is 11 - -1102211211222?
1102211212010
In base 6, what is -3 - -24055133?
24055130
In base 16, what is 2031b + -4?
20317
In base 16, what is c + -490?
-484
In base 3, what is -1022211 - -1110?
-1021101
In base 2, what is -11100001 + 100101000?
1000111
In base 12, what is 5 - 363251?
-363248
In base 5, what is 30443411 - 4?
30443402
In base 7, what is -6 + -2610016?
-2610025
In base 2, what is 11100011101001011100 + -100?
11100011101001011000
In base 11, what is 22 - 61?
-3a
In base 9, what is 87 + 7?
105
In base 8, what is 705 - 503?
202
In base 7, what is 2625432 + -5?
2625424
In base 13, what is 801b + -4?
8017
In base 5, what is 1020334 - 30?
1020304
In base 13, what is -4a1c8 - 3?
-4a1cb
In base 13, what is 54 - -1546?
159a
In base 11, what is 68 - 3045?
-2a88
In base 8, what is 47 - 31574?
-31525
In base 10, what is -11 + 734?
723
In base 5, what is 1 + -2244132?
-2244131
In base 14, what is -a00c1 - -2?
-a00bd
In base 7, what is 1 - -424515?
424516
In base 8, what is 42 + -10640?
-10576
In base 8, what is -4337 + -13?
-4352
In base 3, what is 21 + 10222000?
10222021
In base 5, what is -104 + -1